hen o(q) is divided by l?
6
Suppose -8*k + 3*k = -50. Let h be (-27)/4 - (-3)/4. Let q = 1 - h. Calculate the remainder when k is divided by q.
3
Suppose -132 = 7*z - 5*z. Let f = z - -76. Suppose -n = 3*u - 42, 0 = -4*n - 0*n + 3*u + 198. What is the remainder when n is divided by f?
8
Suppose 5*n + 5*u - 235 = -0*u, -2*u - 62 = -n. What is the remainder when 200 is divided by n?
44
Let z(c) = -5*c - 6. Let f be z(-4). Let k = f - -9. What is the remainder when 44 is divided by k?
21
Let y = 106 + -88. Calculate the remainder when 88 is divided by y.
16
Let j(o) = -o**2 + o + 12. Let i be j(4). Suppose z = 5*s + 2 - i, 3*z - 3*s = 42. What is the remainder when z is divided by 9?
8
Let l(i) = -106*i - 280. Calculate the remainder when 2507 is divided by l(-3).
37
Let q(s) = 175*s**2 - 15*s - 31. What is the remainder when q(-2) is divided by 18?
15
Let f = -1106 - -1165. Calculate the remainder when 1648 is divided by f.
55
Suppose 2*f = 3*h - 31, -2*h + 2*f - 4 = -4*h. Calculate the remainder when 54 is divided by h.
5
Suppose -82 - 278 = -30*z. What is the remainder when 88 is divided by z?
4
What is the remainder when 186 + 2 + 1/1 is divided by 4?
1
Let k(p) = 6*p**2 - 3*p - 9. What is the remainder when 68 is divided by k(3)?
32
Suppose 14*g + 9 = 5*g. What is the remainder when 171 is divided by (49 - 3) + (-1 - (3 + g))?
42
Let p be -4 + 0 - (-12 - -7). Suppose 3*t - 35 = p. Calculate the remainder when 58 is divided by t.
10
Let f(d) = d - 2. Suppose -31 - 79 = 5*i. Let j = i - -31. What is the remainder when j is divided by f(5)?
0
Let f = -175 - -459. What is the remainder when f is divided by 91?
11
What is the remainder when 51 is divided by (10 - 9)*(-57)/(-3)?
13
Suppose -4*y + 4*k + 8 = -0*y, 0 = 5*y - 2*k - 22. Suppose y*t = 7 + 11. Calculate the remainder when -1*(1 + -4)*t is divided by 4.
1
Let w(v) = 2*v**2 + 12*v + 13. What is the remainder when 32 is divided by w(-5)?
2
Let u = -2 - -9. Let p(b) = 8*b**3 - b**2. Let z be p(1). Suppose v - 26 + z = 0. Calculate the remainder when v is divided by u.
5
Let a = -2630 - -3747. Calculate the remainder when a is divided by 20.
17
Suppose 3*h + 2*t = 2*h + 32, 2*h - 2*t - 34 = 0. Suppose y - h = -y. What is the remainder when 43 is divided by y?
10
Let z = -184 - -231. What is the remainder when 186 is divided by z?
45
Suppose -1260 = -4*g - 3*a, -2*g - 9*a + 620 = -10*a. What is the remainder when g is divided by 63?
60
Let f(g) = g**2 + 33*g + 261. What is the remainder when 246 is divided by f(-12)?
3
Suppose -7 = 4*k - 11. Let i = k + 5. Calculate the remainder when 17 is divided by i.
5
Let h = -637 - -666. Suppose 31 = 5*d - c - 11, -d = 5*c - 24. Calculate the remainder when h is divided by d.
2
Let h(v) = -72*v**3 - 2*v. Suppose 0*j + 5 = -j - 2*s, -2*s = -3*j + 1. Calculate the remainder when h(j) is divided by 19.
17
Calculate the remainder when ((-12)/9)/((-538)/20175) is divided by (1 - 0 - -13) + 0.
8
Let i(c) = -c**3 + c + 10. Let s = -25 + 25. Let r be (0 + s)*(-7)/(-14). What is the remainder when 39 is divided by i(r)?
9
Let p(f) = -f**2 + 5*f + 342. Calculate the remainder when 118 is divided by p(-16).
4
Let r = 8 + -10. Let c be (-41)/r*(-2 - 0). Let l = -29 - c. What is the remainder when 22 is divided by l?
10
Suppose -v + 650 = 7*w - 2*w, w - 139 = -2*v. Let i = -67 + w. What is the remainder when i is divided by 8?
6
Let b = -681 + 743. What is the remainder when 618 is divided by b?
60
Let j(v) = v**2 + 3*v - 4. Let h be j(-4). Suppose -4*k - x + 186 = h, -k - x + 2*x = -44. Let n = k - 21. What is the remainder when 98 is divided by n?
23
Let a be (-70)/(-22) + (-6)/33 + 0. Let z(r) = 2*r**2 - 5. Let q(k) = -k**2 + 5. Let p(s) = 4*q(s) + 3*z(s). What is the remainder when p(a) is divided by 12?
11
Suppose -5*s - 82 = 2*f - 0*f, 4*f = 3*s + 44. Calculate the remainder when (8/s)/(1/(-158)) is divided by 10.
9
Suppose -4*x + 4*f = -548, -x + 28 + 121 = 3*f. Let o = -54 + x. Calculate the remainder when o is divided by 22.
20
Suppose c - 3*p - 16 = -0*p, -134 = -5*c - 3*p. Let r = 31 - 28. Suppose -3*a - 3*j = -1 - 29, 61 = 4*a - r*j. What is the remainder when c is divided by a?
12
Suppose 0 = 4*l - 116 - 116. Let b = 65 + l. What is the remainder when b is divided by 32?
27
Let a = -11 - -101. Suppose 0 = -j - 2*x + 26, 0*j + x - a = -4*j. Calculate the remainder when 86 is divided by j.
20
Let u(r) = -8 - 7 + 18 - r**2 + 2*r. Calculate the remainder when 4 is divided by u(0).
1
Let u(o) be the third derivative of o**6/120 - o**5/30 - o**4/24 + o**3/2 - 6*o**2. What is the remainder when u(4) is divided by 17?
14
Suppose -43 = 8*l - 379. Calculate the remainder when 134 is divided by l.
8
Suppose -8*g + 65 = -47. Calculate the remainder when 55 is divided by g.
13
Let n = 8 - 6. Suppose 20 = n*v - 2*r, 3*v = -2*r - 3*r - 10. Suppose -4*j - 3*o = -88, -v - 4 = -j - 4*o. What is the remainder when j is divided by 14?
11
Suppose 4*s + 440 = 2*s. Calculate the remainder when (-1)/(-3) + s/(-6) is divided by 14.
9
Suppose 3*x + 46 = 10. Let r = x + 7. Let w = 9 + r. What is the remainder when 13 is divided by w?
1
Calculate the remainder when 468 is divided by ((6 - 12) + 21)*(-6)/(-9).
8
Let z(o) = 2*o + 9. Let v be z(-3). Suppose -4*g = -v*g - 4. What is the remainder when 13 is divided by g?
1
Let b = 117 + -69. Suppose 4*h - b = 5*d, -5*h + 17 + 10 = 2*d. What is the remainder when h is divided by 2?
1
Suppose -4*x = -3*w - 41, -2*x + 2*w = -24 + 4. What is the remainder when 13 is divided by x?
2
Let f(y) = -y - 3. Let r be f(-5). Let s be ((-4)/(-6))/(-1 + 5/3). What is the remainder when 7 is divided by 7 - (2/r + s)?
2
Suppose -16*q + 17*q = 3*m + 192, -m = 3. What is the remainder when q is divided by 63?
57
Let o = -49 - -66. Let t be (6/5)/(9/60). Let g(l) = -l**3 + 7*l**2 + 8*l + 6. What is the remainder when o is divided by g(t)?
5
Let l(a) = a**3 + 12*a**2 - a - 3. Let c be l(-8). Let x = c - 150. What is the remainder when x is divided by 19?
16
Suppose -11*x = -x - 1270. What is the remainder when x is divided by 32?
31
Suppose -73*y + 51 = 5*l - 77*y, -5*y = 4*l - 49. Calculate the remainder when 2032 is divided by l.
8
Suppose 103*z - 2136 = 14*z. Calculate the remainder when 451 is divided by z.
19
Suppose 5*w - 200 - 430 = 0. Let u(m) = -2*m**3 + 42*m**2 + 46*m - 12. Calculate the remainder when w is divided by u(22).
30
Let a(v) = 15*v**2 + 2*v + 1. Let u be a(-1). Suppose -2*r = w - 14, 2*r - 8*w + 3*w = u. Let z = r - -8. What is the remainder when 44 is divided by z?
14
Let r = -75 - -86. Suppose -x + 9 = -r. Calculate the remainder when x is divided by 12.
8
Suppose -3*r - 210 = -3*j + 93, 4*j - 2*r = 402. Let y be (-2)/3 + j/(-12). Let u = y - -29. Calculate the remainder when 39 is divided by u.
19
Suppose -2*o + 8 = 3*x - 3*o, 0 = -x + o. Suppose 2 = j - x. Suppose 5*b = -28*k + 30*k + 83, 5*b + 3*k = 88. Calculate the remainder when b is divided by j.
5
Let s(l) = -16*l + 137. What is the remainder when 137 is divided by s(8)?
2
Let g(r) = -3*r + 16. Let s be g(4). Suppose s*p = 7*p - 138. Calculate the remainder when p is divided by 16.
14
Suppose -4*f + 2*m + 342 = 0, -5*f + 530 = 5*m + 140. Calculate the remainder when f is divided by 18.
11
Suppose 0 = -3*c - 2*j + 100, -13*c = -10*c + 3*j - 96. What is the remainder when 287 is divided by c?
35
Let g = 70 + -82. Let x(u) = u**3 + 8*u**2 - 49*u + 6. Calculate the remainder when x(g) is divided by 3.
0
Suppose -2*t = 2*t - 32. Suppose i = 2*h, -4*h + 7 + 9 = 2*i. Suppose -15 = -3*k, -2*k + 161 - 31 = i*a. What is the remainder when a is divided by t?
6
Suppose -2*d - 2*d = 12, -9 = 5*r - 2*d. Let y(v) = -9*v - 5. Calculate the remainder when 43 is divided by y(r).
21
Let l(d) = 5*d + 36. Calculate the remainder when 176 is divided by l(5).
54
Let o(y) = -y + 3. What is the remainder when o(-21) is divided by 129/8 - 13/104?
8
Suppose 60 = 5*n - 2*n. Let r(k) = 37*k**2 - k - 1. Let b be r(-2). Let c = 227 - b. What is the remainder when c is divided by n?
18
Let u(m) be the third derivative of m**4/24 + 20*m**3/3 + 2*m**2. Calculate the remainder when 79 is divided by u(-20).
19
Suppose 0 = 5*m + 20, -2*m - m = -2*r + 338. Let l = r - 95. Suppose -4*q + l = -0*q. What is th